-43)/(-2))/(-1). What is the greatest common divisor of 7 and w?
7
Let z = 2 + 6. Calculate the greatest common divisor of z and 8.
8
Suppose 4*y = -3*w + 34, -30 = -4*y - 5*w + 8. Suppose 3*a - y = -1. Let t = 13 - 9. What is the greatest common factor of t and a?
2
Let r be 266/(10/(1 + 4)). Calculate the highest common divisor of r and 19.
19
Let b = -24 - -8. Let d be -4 - (-7)/((-7)/b). What is the highest common divisor of 6 and d?
6
Suppose -4*p + 20 = -12. Suppose 0 = p*m - 4*m - 36. What is the greatest common factor of m and 45?
9
Let s be (650/(-35))/((-2)/14). What is the greatest common factor of s and 20?
10
Suppose 15 = -0*u + 3*u. Let d be 9 + 4*(-1)/(-2). Let j = 56 - d. What is the highest common divisor of u and j?
5
Let w(r) = -r**3 + 6*r**2 + 12*r - 4. Let d be w(8). Suppose 0 = x + x - 122. Let t = x + d. Calculate the greatest common factor of t and 5.
5
Suppose -21 = 2*u - 87. Let k = u + -11. Let o = k - 2. Calculate the highest common factor of o and 40.
20
Suppose 0*a - 28 = -m - 2*a, -2*m = 5*a - 61. Calculate the greatest common factor of 162 and m.
18
Suppose 4*x - 2*i = 1368, 5*x - 1026 = 2*x - 2*i. What is the highest common divisor of 38 and x?
38
Let b = 15 - 29. Let n be (b + 4)/((-1)/3). Suppose 4*p - 3*p = 4*d + n, 5*p + 5*d = 175. What is the greatest common factor of 85 and p?
17
Let n be (-1)/(-1) - -11*1. Suppose -l = -0 - n. Let a(x) = -5*x + 36. Let b be a(-12). Calculate the highest common divisor of b and l.
12
Suppose -7*h + 91 = -42. Calculate the highest common factor of 38 and h.
19
Let z = -1 + 0. Let n = -2 - z. Let l be (n - (-1)/7)*-7. What is the greatest common divisor of 30 and l?
6
Suppose -4 = -2*a - 2*a. Let z = a - 1. Suppose -b + 5*r + 33 = z, -2*r = -b - 8 + 41. What is the highest common divisor of b and 11?
11
Suppose -8*n = -3*n - 1425. Suppose 0 = 4*j - j - n. Calculate the greatest common factor of j and 38.
19
Let o = 42 - 6. Let t(b) = -2*b + 2. Let d be t(-5). Calculate the greatest common divisor of d and o.
12
Let s(n) = 6*n. Let y be s(2). What is the highest common factor of 120 and y?
12
Let m = 24 + -11. Let u = -6 - -1. Let w(k) = k**3 + 10*k**2 - 3*k + 3. Let a be w(u). Calculate the greatest common divisor of m and a.
13
Let j be 90 - 5/((-5)/(-2)). Suppose -l + 4 = l. Suppose d + 3*d = l*w - j, 0 = d + 4. What is the greatest common divisor of 24 and w?
12
Suppose 5*i = -n - 5, n - 3*i + 0 = 11. Suppose 67 + 13 = 4*b. What is the highest common divisor of b and n?
5
Let i = -4 - -7. Suppose -i*s + 52 = s. What is the greatest common factor of s and 26?
13
Let v = 0 - -3. Suppose -3*i + 10*b - 5*b = -34, b + 5 = 0. Let u be v/(189/(-66) + i). What is the greatest common divisor of u and 55?
11
Let d(r) = 7*r**2 + 8. Let g be d(4). Calculate the highest common factor of g and 15.
15
Suppose -4*x = x - 20. Suppose -241 = -x*o - 81. Calculate the highest common divisor of o and 10.
10
Let m = -47 - -50. Calculate the greatest common factor of 39 and m.
3
Suppose 27 = -2*l - 5*n, -4*l + 2*n - 129 = -3*n. Let h be l/1*(-55)/22. Calculate the greatest common factor of h and 26.
13
Suppose -17 = -6*l + 1. Suppose -2*u = -u - 6. What is the greatest common divisor of u and l?
3
Let x(w) = -w**3 - 4*w**2 - 6*w - 2. Let o be x(-4). Let a be (1 - -87)/(2/4). What is the greatest common divisor of o and a?
22
Let w(x) = 6*x**2 - 1. Let y be w(-1). Suppose y*v + 0*v = 5. Suppose 3*l + 2 = 5. Calculate the greatest common factor of v and l.
1
Suppose -5*m - x + 2*x = -960, 5*x - 768 = -4*m. What is the highest common factor of 24 and m?
24
Suppose -19*f + 220 = -17*f. What is the greatest common divisor of f and 10?
10
Let x(w) = -2*w + 1. Let t be x(-5). Let m be 2 - 3 - (-2 - 7). Suppose -m*l = -7*l - 77. Calculate the greatest common divisor of t and l.
11
Let g be (2/(-4))/((-5)/50). Let h = g - 3. Suppose 5*w - 51 = -4*u, -33 = -2*u - h*u + w. What is the highest common factor of 45 and u?
9
Let q = -6 - -196. Suppose -s - q = -6*s. Suppose y - 2*o + 0*o = 13, 3*y - 4*o - 45 = 0. Calculate the greatest common factor of y and s.
19
Let u(k) = 2*k - 2. Let h be u(2). Let i(v) = 6*v**3 - v - 1. Let s be i(h). What is the highest common divisor of 18 and s?
9
Let f(l) = l**3 + 3*l**2 + 2*l - 1. Let t be f(2). Calculate the highest common factor of 368 and t.
23
Let l = -40 + 65. Suppose 3*t - 26 = l. Suppose 0*n = -2*n + 170. Calculate the greatest common factor of n and t.
17
Let x(f) = 2*f**2 + f**2 - 2*f**2 - f**3 - 2. Let n be x(-2). Calculate the highest common factor of n and 110.
10
Let j = -9 - -14. Let y = 88 - 53. Calculate the highest common factor of j and y.
5
Let u be (9/5)/((-21)/(-35)). Calculate the highest common divisor of 21 and u.
3
Suppose 3*n - 21 = -123. Let y = -6 - n. Let a(u) = 69*u**2 + 1. Let d be a(1). What is the highest common factor of y and d?
14
Let u = -43 + 59. Let r be ((-16)/(-10) - 0)*15. Calculate the greatest common divisor of r and u.
8
Let f be 1/2*(-1 - -9). Let a be 124 + f - (-2)/(-1). Suppose -2*v + 11 + 25 = 0. Calculate the greatest common factor of v and a.
18
Let w be 6/2 - (-420)/3. Calculate the greatest common divisor of 13 and w.
13
Suppose -5*f = 2*y + 4, y = -y + 5*f + 36. Suppose 2*g = -g + 21. Suppose 320 = g*z - 2*z. Calculate the highest common divisor of y and z.
8
Suppose -2*a = -4*a + 2. Let n be (-24)/(-4) - a*2. Suppose 0 = n*h - 75 + 19. Calculate the greatest common factor of h and 28.
14
Let g(j) = -10*j - 15. Let f be g(-6). Calculate the greatest common factor of 5 and f.
5
Suppose -3*n = n - 60. Calculate the highest common divisor of 15 and n.
15
Suppose -m = -2*m + 18. Suppose x + 4*k = 2, 4*x + 66 = 7*x - 3*k. What is the highest common divisor of x and m?
18
Suppose 0 = 4*w - 6*w. Suppose a - 5*m - 4 = w, -15 - 1 = -4*a - 5*m. Suppose 69 = a*k - k. What is the highest common divisor of 23 and k?
23
Suppose 2*d + 2*a = 82 + 66, -4*d + 4*a = -280. What is the highest common divisor of d and 8?
8
Let b(a) = -a**2 - 9*a + 4. Let i be b(-8). What is the greatest common factor of i and 204?
12
Let y be (3/12*-11)/(5/(-100)). Calculate the highest common divisor of y and 11.
11
Let s(l) = -4*l + 1. Let n be s(-4). What is the highest common factor of n and 119?
17
Suppose 0*r - 4*v = 5*r - 3, 21 = 3*r - 4*v. What is the greatest common factor of 27 and r?
3
Suppose 5*s + 5 = 0, z + 5 = -3*s + 8. Let r(d) = -d**2 - d - 111. Let h be r(0). Let k = 177 + h. What is the greatest common divisor of k and z?
6
Suppose -5*u - 2*t - t + 17 = 0, 4*u = 2*t - 4. Calculate the highest common factor of 4 and u.
1
Let x be (42/4)/((-9)/(-24)). What is the greatest common factor of x and 42?
14
Suppose 0 = -4*m + 322 - 86. Suppose -m = k - 152. Suppose f + 3*i - k = 0, 2*f - 355 = -2*f + 5*i. What is the greatest common factor of 18 and f?
18
Let t be (-1)/(-2)*(1635 - -1). Let q = -488 + t. Let c be (-2)/(5/(q/(-4))). Calculate the highest common divisor of c and 22.
11
Suppose -2*r = -3*r + 3. Suppose 3 = r*c, -2*l + 41 = -0*c - 3*c. What is the highest common factor of 11 and l?
11
Suppose -5*n + 79 = 2*y, 8*n - 3*n - 65 = 5*y. What is the greatest common divisor of n and 165?
15
Let j(f) = f**2 - 3*f + 6. Let x be j(6). Suppose 15*z = 18*z - 576. Calculate the greatest common factor of x and z.
24
Suppose -11 = y - 5*c, 2*c - 38 = 5*y - 98. Calculate the highest common divisor of y and 70.
14
Suppose -5*k + 5*s = -45, -2*s = -5*k - s + 45. What is the greatest common divisor of 9 and k?
9
Suppose -5*z + 20 + 50 = 0. What is the highest common factor of z and 70?
14
Let k be (-12)/(-1) + 4/4. Suppose -6*y + k*y = 77. Calculate the greatest common divisor of y and 66.
11
Let o be (-3)/(9/(-22))*3. Let j be 1 + (3 - (-4 + 6)). What is the highest common factor of j and o?
2
Let q(x) = -x**2 - 14*x - 10. Let b be q(-12). Let a(o) = 63*o. Let z be a(2). What is the highest common factor of b and z?
14
Suppose 0 = -5*s - 5*d - 415, 3*s - 3*d - d + 256 = 0. Let u = 140 + s. Suppose 2*v - 4*v = -14. Calculate the greatest common factor of u and v.
7
Let s be 22 - 0 - (2 - 0). Suppose -n - n = 5*y - 142, -140 = -4*y + 5*n. What is the greatest common divisor of s and y?
10
Let v be 12/9*(-12)/(-1). Let j(u) = -u**3 - 7*u**2 +